1
Let g = -293 - -298. Suppose 0*s = 4*d - 5*s - 1736, -2170 = -g*d + 2*s. List the prime factors of d.
2, 7, 31
Let t = 8167 + -7187. What are the prime factors of t?
2, 5, 7
Suppose -2*p + 54 = -5*m, 5*m + 26 = p + 2*m. List the prime factors of 4/6*17328/p.
19
Let x be 210/(-9) + 2/(-3). Let n(t) = -2*t**2 - 109*t + 348. Let u be n(3). Let b = u - x. What are the prime factors of b?
3
Let u(f) = -63*f + 6. Let n be u(-2). Let w = 96 + n. Suppose 0 = 6*p - 264 - w. What are the prime factors of p?
2, 41
Let m be (-24)/16 - (-11)/(-2). List the prime factors of -1 - (-3 - m) - -192.
11, 17
Suppose -178 = 4*x - 4*l + 78, 336 = -5*x - 3*l. List the prime factors of (-7)/(x/(-176) + (-526)/1360).
5, 7, 17
Let t be 37254/(-12)*8/(-14). Suppose -3*w - i + t = 0, w - 7*i = -3*i + 600. What are the prime factors of w?
2, 37
Suppose -4*z = -4*x - 408, -4*z + x + 208 = -2*z. Let h = z - -102. What are the prime factors of h?
2, 13
Let s be (0 - (-38)/14) + 108/378. Suppose 1877 = 3*r + j + 553, 1339 = s*r - 2*j. What are the prime factors of r?
443
Let w be 1878/8 + 4/16. Let h be (1 + 0)/(403/(-26) + 16). Suppose 735 = h*k + w. What are the prime factors of k?
2, 5
Suppose 68*o = 64*o + 63524. What are the prime factors of o?
15881
Let c = 7236 - 2758. List the prime factors of c.
2, 2239
Suppose -5*l + 14 = 3*a, -5*a = -5*l - 4*a + 22. Suppose 0 = 4*k + l*g - 1340, 2*g - g = 4*k - 1325. What are the prime factors of k?
2, 83
Suppose 4*g = -5*l + 14, 3*g - 6*g - l = -5. Suppose -5*y + g = d, -5 = -2*y - d - 4. List the prime factors of (273/7)/(9/39 - y).
13
Suppose 4*p - 5*p = -1356. Suppose l + p = 13*l. What are the prime factors of l?
113
Let x = 404 + -624. Let i = 374 + x. List the prime factors of i.
2, 7, 11
Let d(b) = 9*b**3 + 2*b**2 + 3*b + 3. Let f be d(7). Let i = f - 1632. What are the prime factors of i?
19, 83
What are the prime factors of (32 + -24 + -4)*(-3)/12*-36671?
36671
Suppose -v = -9*v. Let j(n) = 4*n + 82. Let z be j(v). Let k = 184 - z. List the prime factors of k.
2, 3, 17
Let s = -2057 - -3798. List the prime factors of s.
1741
List the prime factors of 548145/26 + -6 - (-2 + 55/10).
13, 1621
Let r(t) = -t**2 + 5*t + 1. Let h be r(4). Suppose 0 = -4*q - 5*k - 1446 + 1484, -4*q = -5*k + 22. Let x = q + h. List the prime factors of x.
7
Let c = 21 - 21. Suppose c*i = -4*i + 392. Suppose -4*b = 3*p - p - i, 0 = -2*b + 3*p + 29. What are the prime factors of b?
2, 11
Let q(x) = 138*x + 153*x + 9*x**2 - 278*x - 1 + 10. What are the prime factors of q(-8)?
13, 37
Let t(c) = -38235*c + 186. List the prime factors of t(-2).
2, 3, 1597
Suppose 0 = 4*d + 7*i - 6*i - 52347, 0 = -20*d + 5*i + 261705. List the prime factors of d.
2, 3, 727
Let n(u) = 19*u - 469. Let v be n(20). Let s(h) = -h**2 + 10*h - 10. Let o be s(-8). Let m = v - o. List the prime factors of m.
5, 13
Suppose 2590691 = 23*o + 539781. List the prime factors of o.
2, 5, 37, 241
Let k = -9 - -14. Suppose 18*y - k*y = -3341. Let c = -176 - y. What are the prime factors of c?
3
Let j(w) = -w**3 - 33*w**2 + 111*w + 20. What are the prime factors of j(-45)?
5, 773
Suppose -40*b = -37*b - 6. Suppose 0 = 2*u - 0*d + d - 353, 4*u - b*d - 694 = 0. Let f = u - 116. What are the prime factors of f?
59
Let f(i) = -38*i + 197. Let j be f(5). Let k = 203 - j. What are the prime factors of k?
2, 7
Suppose 3*t = 5*c - 47, 4*t + 58 = -0*c + 2*c. Let l = t - -18. Let h = l + 97. List the prime factors of h.
101
Suppose -3*r = 5*r - 16. Suppose -r*a = -681 - 821. Suppose z = -d + 150, -6*d + d - 4*z + a = 0. List the prime factors of d.
151
Let t be 4/(-1 + 20/16). List the prime factors of t/(-96) + (-2330)/(-12).
2, 97
Let f be ((-52)/39)/((-1)/(-18)). Let m(h) = -h**3 - 23*h**2 - h - 127. What are the prime factors of m(f)?
11, 43
Suppose m + 1 + 4 = 0, -46 = 3*o + 5*m. Let k(a) = -106*a - 32. List the prime factors of k(o).
2, 5, 71
Let y = 7510 + -6951. List the prime factors of y.
13, 43
Let m(u) = -u**3 - 15*u**2 - 10*u + 70. Let k be 1*((-4)/(-26) - (-5352)/(-312)). List the prime factors of m(k).
2, 409
Suppose -1565 = 3*d - 4*d. Suppose -192*u = -187*u - d. What are the prime factors of u?
313
Let k(w) = 6 + 14*w + 8*w + 3*w + 4*w. Suppose 0 = 3*h - 2*i - 19, -4*i - 32 = -3*h - h. What are the prime factors of k(h)?
3, 31
Let y be (-39 - (3 + -7)) + (-1)/1. What are the prime factors of 1052/17 - y/306?
2, 31
Let m(p) = 24*p**2 + 305*p - 113. What are the prime factors of m(-19)?
2, 13, 53
Suppose 36118 = 16*k - 103050. List the prime factors of k.
2, 4349
Suppose -w + 3 = 5*g - 4, w = 2*g - 7. What are the prime factors of (1/w*-1)/(81/130977)?
7, 11
Suppose -5*g - 2*s = -38, g + 0*g - s = 9. Let q = g + 10. List the prime factors of (18/8)/(q/(-12))*-62.
3, 31
Let x(w) = -w**2 + 16*w - 36. Suppose -5*h + 8 = v - 5, 0 = -3*h. Let d be x(v). List the prime factors of d/(-2) + 306/12.
2, 3
What are the prime factors of 777*1*(-114)/(-266)?
3, 37
Let u = -67 + 71. Let v be (-1 - 18/(-8))/((-1)/u). List the prime factors of 142 - v/(10/6).
5, 29
Suppose 9*p - 235 = 4*p - 3*v, 5*v = 4*p - 151. Let o be (506/p)/((-2)/12). Let z = 128 + o. List the prime factors of z.
59
Suppose -2*j = -5*w + 53356, -4*j + 5082 = -2*w + 26418. List the prime factors of w.
2, 23, 29
Suppose -6*d - 4*m + 277 = -3*d, 0 = -d - 2*m + 89. Let r = -63 + d. What are the prime factors of r?
2, 3
Let s be 186 - (1 - 4/2). Let d = 543 - s. What are the prime factors of d?
2, 89
Let o = 161 - 97. Suppose 3*a = o + 236. Suppose -48*c + 47*c = -a. List the prime factors of c.
2, 5
Suppose d + d - 4 = 0, 5*u + 4*d = -12. Suppose -v + 2*v = 52. What are the prime factors of (-1)/u - (-3055)/v?
59
Let n be 8 - (-25)/(7 - 12). Suppose n*i = i + 1926. What are the prime factors of i?
3, 107
Let d(a) = 14*a + 11. Let m be d(-1). Let w(v) = -521*v + 80. List the prime factors of w(m).
31, 53
Let s be -1*2*91/(-26). List the prime factors of 15*s/((-105)/(-1450)).
2, 5, 29
Let h(c) = 11*c**3 + 2*c**2 - 10*c - 18. List the prime factors of h(10).
2, 3, 1847
Let t(z) = -z**3 - 5*z**2 + z + 4. Let m be t(-5). Let k be (2 + -53)*(1/3)/m. What are the prime factors of (0 - -4 - 3) + 2 + k?
2, 5
Suppose 5*o - 8654 = -4*l + 25046, 0 = -4*l - 3*o + 33692. List the prime factors of l.
2, 5, 421
Let s = 320 + -317. Suppose 2*g - g - i = 833, s*g = -4*i + 2534. What are the prime factors of g?
2, 419
Suppose 3*i - 7*i - 28 = 0. Let h = i - -9. Suppose -h*d + 4*q + 116 = -0*q, -2*d - q = -106. What are the prime factors of d?
2, 3
Suppose 31*s + 40 = 36*s - 5*q, 2*s = -4*q - 2. Let u be (-1)/((-1)/2) + 1. Suppose -3*o + 186 = -4*g, u*o - o - 124 = -s*g. What are the prime factors of o?
2, 31
Suppose -4*x - 36 = 4*v, 3*v + 5*x + 2 = -29. Let y be 1 + (6 + -9)*6/(-9). List the prime factors of 16*(y + v + 11).
2, 7
Let h(p) = p**3 + 7*p**2 - 6*p - 37. Let x = 77 + -84. What are the prime factors of h(x)?
5
Suppose -453*q - 243347 = -466*q. List the prime factors of q.
18719
Suppose -5*f = 2*z - 2573, 15 = -3*f + 6*f. Let d = z + -894. List the prime factors of d.
2, 5, 19
Let i(a) = -a**3 + 20*a**2 - 21*a - 15. Let n(p) = -p**2 - 6*p + 68. Let b be n(5). What are the prime factors of i(b)?
5, 179
What are the prime factors of 2 - 171102/(-24) - 9/36?
3, 2377
Let c = 133 + -194. Let m = c - -43. Let u = m - -129. List the prime factors of u.
3, 37
Let y(m) = 147*m - 1057. List the prime factors of y(63).
2, 7, 293
Suppose 2*c = 2*h + 1968, -15*c + 5*h = -11*c - 3941. Suppose -2375 = -6*q + c. List the prime factors of q.
13, 43
Let c(t) = 161*t**2 - 4*t - 10. Let z be c(-2). Suppose -2*n = -8*n + z. Let x = n + 66. What are the prime factors of x?
173
Let h(o) = 7*o - 26. Let y(a) be the third derivative of a**5/20 + a**4/6 - a**3/6 + 12*a**2. Let j be y(-3). List the prime factors of h(j).
2, 3
Let i be 28/(-16) - 1/4. Let s be ((-1)/(-2) - i)/((-1)/(-2)). Suppose 0 = -x + s*x - 748. What are the prime factors of x?
11, 17
Let v be ((-25)/50)/((-3)/(-6)). List the prime factors of (-4712)/(-16) + (-4)/8 - v.
5, 59
Let q(n) = -23*n - 23. Let m be q(-5). Let h be m/28 + (-4)/14. Suppose 2*b - f - 454 = -h*f, -5*f = -3*b + 721. What are the prime factors of b?
2, 29
Let s be 8/4*-2 + 1 + 60. Suppose s*z = 64*z - 448. List the prime